ivisor of u and 9?
9
Suppose 0 = -4*k + 9 + 135. Let t = k + -15. What is the greatest common factor of 105 and t?
21
Suppose -l = 3*o - 3*l - 40, 5*o - 25 = -5*l. Calculate the highest common divisor of o and 20.
10
Suppose -3*n + 0*n + 5*q = -37, 25 = 3*n + q. Calculate the highest common divisor of n and 1.
1
Let o be (-38)/(-7) + (-6)/14. Let z(t) = -t**3 + 7*t**2 - 6*t - 5. Let s be z(o). What is the greatest common divisor of s and 135?
15
Let r(a) = 15*a**2 - a. Let q be r(1). Suppose i - 28 = -3*i. What is the greatest common divisor of i and q?
7
Let n be (-1)/(-3)*0/7. Suppose n*a = 3*a - 2*b - 15, 4*a = b + 20. Let o be ((-240)/a)/(1*-1). Calculate the highest common divisor of o and 12.
12
Suppose 4*m = -0*m + 12. Suppose 0 = m*w + 15 - 60. What is the highest common divisor of w and 135?
15
Suppose 5*w - 263 = -63. What is the greatest common divisor of 16 and w?
8
Suppose -13*u + 1540 = -8*u. Calculate the greatest common divisor of 28 and u.
28
Let a(p) = -2*p - 5. Let d be a(-5). Let n(c) = -c**2 + 6*c + 3. Let q be n(d). What is the greatest common factor of q and 88?
8
Suppose 2*h = -2*c + 3*c + 75, 10 = 2*c. What is the highest common factor of h and 5?
5
Let z = -3 + 2. Let x = 15 + -21. Let o be z/x*8*33. What is the highest common divisor of o and 4?
4
Suppose 0 = 3*u - 4 - 26. Let y be 2/5 + 46/10. Calculate the greatest common divisor of u and y.
5
Let c = -4 - -8. Suppose 0 = -l + 1 + c. Calculate the highest common factor of 5 and l.
5
Suppose -2*j + 7*j + 10 = 0. Let l be (3/6)/(j/(-4)). Let v(c) = c - 4. Let a be v(7). Calculate the greatest common factor of l and a.
1
Suppose -120 = -19*p + 15*p. Calculate the highest common divisor of p and 10.
10
Let o(v) = -3*v - v + 5*v + 2*v - 8. Let g be o(3). What is the greatest common factor of g and 5?
1
Let d(n) = -n**3 + 10*n**2 + 7*n - 4. Let k be d(8). Calculate the greatest common factor of k and 20.
20
Let o be 4/14 + 186/(-14). Suppose 6*y - y = 5, -10 = 2*s - 2*y. Let d = s - o. What is the highest common divisor of 1 and d?
1
Let g(o) = -o**2 - 2*o - 2. Let h be g(-3). Let m be (2 - 5)/6*14. Let w = h - m. Calculate the highest common divisor of w and 2.
2
Let s = 9 + -6. Let b(f) = f**3 - 2*f**2 - f - 1. Let d be b(s). Let w be -1*(0 + 1) + 26. What is the highest common divisor of d and w?
5
Let j(x) = -5*x**3 + x**2 + 2*x + 1. Let i be j(-1). Let t = 5 - i. Suppose 3*v + v - 748 = t. Calculate the highest common factor of 17 and v.
17
Let n = -18 + 39. Calculate the greatest common factor of n and 6.
3
Suppose -5*p + 7 = -j - 1, 5*j + 5*p - 80 = 0. What is the greatest common factor of j and 96?
12
Let g(i) = i**2 + 3*i - 2. Let s be g(-4). Suppose b + 0 = -s. Let w be (14 - 1) + b/2. What is the highest common factor of w and 60?
12
Suppose p + 5 = -79. Let x = -288 - p. Let v be 4/2 - -1 - x. What is the greatest common divisor of 23 and v?
23
Let v be 1 - (-3 - -7) - -5. Suppose -4*j + 44 = 3*w, 0 = 2*w - 4*j + v*j - 6. What is the highest common factor of w and 12?
4
Suppose 0 = -g - 2, -3*y - 2*y + 4*g + 18 = 0. Calculate the greatest common divisor of y and 10.
2
Let n be (-3)/(-4) + (-39)/(-12). Let z be 6/n*(-8)/(-3). Calculate the highest common divisor of z and 1.
1
Let k = 145 - 73. Let o(g) = -g + 1. Let d be o(-8). Calculate the highest common divisor of d and k.
9
Suppose -3 = p - 2*p. Suppose 1 = -c + 3. Let i(y) = 5*y**2 - 3*y + 1. Let j be i(c). Calculate the highest common factor of j and p.
3
Let x = -38 - -55. Suppose -4*p + 24 = b + 2, 5*b + 5*p - 35 = 0. Let o = b + x. Calculate the greatest common divisor of 38 and o.
19
Let v be (-1)/((-1)/25) + -4 + 5. Calculate the highest common divisor of v and 13.
13
Suppose d - 4*u + 11 = 0, -2*d + 3 = -4*u + 9. Suppose -d*p + 62 = 2*k - 88, 30 = p + 3*k. Calculate the greatest common divisor of 15 and p.
15
Let f(u) = -25*u - 29. Let j be f(-5). Calculate the greatest common factor of j and 64.
32
Let a = -10 - -14. Suppose 19 = a*r - 29. What is the greatest common factor of r and 12?
12
Suppose 0 = 3*n - 80 + 2. Suppose -3*d + m = -153, 2*d + 3*m + 0*m = 113. Calculate the greatest common divisor of d and n.
26
Let b be 6/(-4) + (-25)/(-10). Let j = b - -12. Let z be 2/(-6) + (-860)/(-6). What is the greatest common factor of j and z?
13
Suppose 0 = -j - 13 + 1. Let h = 17 + j. Suppose -3*l = 5*v - 25, 5*l - 29 + 4 = -h*v. Calculate the highest common divisor of 25 and v.
5
Suppose 5*f - 56 = -1. Calculate the highest common factor of f and 77.
11
Suppose 4*p - p - 351 = 0. Let k = p - 67. Let d(q) = 2*q**2 - q. Let w be d(-2). What is the highest common divisor of w and k?
10
Suppose 72 = -5*t + 22. Let y be -3 - (-1 + 4 + t). Suppose -35 + 179 = y*i. Calculate the greatest common factor of 4 and i.
4
Let k be (-11)/(3/(-3)) + 0. Suppose x + 3*w - 16 = 0, x - k = -2*w + 2. What is the greatest common divisor of x and 35?
7
Let d(f) = f**2 + 2*f - 366. Let i be d(0). Let l = 636 + i. Calculate the greatest common divisor of 30 and l.
30
Suppose -4*w + 20 = 0, -5*v + 195 + 0 = -w. Calculate the highest common factor of v and 8.
8
Suppose -35 = -p - 14. Let j = 43 - p. Let w(o) = 7*o**2 - 6*o. Let h be w(4). Calculate the highest common divisor of j and h.
22
Let z be (3/(-6))/(3/(-282)). What is the highest common divisor of z and 423?
47
Suppose -12 = -l + 8. Let v(k) = -k**2 - 5*k + 3. Let a be v(-5). Suppose 21 = a*n - 9. Calculate the highest common divisor of n and l.
10
Let w(d) = d**3 - 6*d**2 - 5*d + 6. Let r be w(7). Let k = r + -18. What is the greatest common factor of 14 and k?
2
Let x = -37 - -103. Let l be (-4)/(-3)*9/2. What is the highest common factor of x and l?
6
Suppose 2*w - 341 = -3*l, -5*w + 2*l - 119 + 962 = 0. What is the greatest common factor of 13 and w?
13
Suppose 3*c + 5*h = 14, -3*h = -2*c - 1 + 4. What is the greatest common divisor of c and 6?
3
Let w be (-11 + 0)/(3/(-3))*6. What is the highest common divisor of 22 and w?
22
Let x be 4/((5 - 4)/(1 + 1)). Suppose -5 = -5*a + 5. Calculate the highest common factor of a and x.
2
Let m(i) = 2*i - i - i - 3*i - 1. Let h be m(-9). What is the highest common divisor of 286 and h?
26
Suppose -5*c - 4 = 5*v - 64, 0 = -4*c - 2*v + 42. Suppose 0 = 4*p - 5*g + c, 4*g + g = p + 21. What is the highest common factor of p and 6?
2
Let k be 0*2/((-18)/3). Suppose k = -y + 4*h + 32, 2*y - 4*h = 4*y - 4. Calculate the greatest common factor of 96 and y.
12
Let y be ((-4)/7)/((13 - 7)/(-42)). What is the highest common divisor of 20 and y?
4
Suppose -2*u + 3*u = 3. Suppose 0 = -5*v + 5*b + 135, u*v - b = -2*b + 81. Calculate the highest common divisor of v and 27.
27
Suppose 0 = -6*a + a. Suppose a*k - 60 = -4*k. Calculate the highest common factor of 15 and k.
15
Let q(u) = -70*u - 2. Suppose 2*a - 6*a = 24. Let i be q(a). Let l be i/4 - (-1)/(-2). What is the highest common divisor of l and 13?
13
Let t(x) = 11*x + 4. Let n be t(4). Suppose 2*r - n = 6*r. Let y(b) = -9*b + 2. Let s be y(r). What is the greatest common factor of s and 10?
10
Suppose 5*j = 4*z + 292, -3*z + 414 - 168 = 4*j. Suppose 3*s = -33 - j. Let l = s - -51. What is the greatest common divisor of l and 10?
10
Let j(l) = 25*l + 4. Let t be j(3). Let h = t + -37. Suppose 2*g - 392 = -12*g. What is the greatest common factor of h and g?
14
Let y(i) = -i**3 - 7*i**2 + i + 8. Let o be y(-7). Suppose -4 - 26 = -5*z. Let s be (-4)/z*(-73 + o). What is the greatest common factor of s and 12?
12
Let l(b) = -b - 4. Let i be l(-8). Let r = i - 2. Suppose 5*f + 30 = -3*o + 99, -r*f + 15 = -3*o. Calculate the highest common divisor of 8 and f.
4
Let b(o) = -o**3 + 14*o**2 + 3*o + 2. Let c be b(14). What is the highest common factor of 4 and c?
4
Let d be -24*((-3)/9)/1. What is the highest common factor of d and 8?
8
Suppose 13 + 7 = b. Suppose 0 = -j, -150 = -3*o - 2*o - 3*j. What is the highest common factor of b and o?
10
Let h = 29 - 8. Let q(o) = 2*o**2 - o - 1. Let j be q(3). What is the highest common divisor of j and h?
7
Let m(p) = 10*p - 17. Let d be m(5). What is the greatest common factor of 11 and d?
11
Let m be -1 + (-4)/(-6)*3. Suppose -j + 2*v - 11 = 0, 2*j + 2*v = -m - 33. Let p = j + 26. What is the greatest common factor of 55 and p?
11
Let d(s) = 